ided by 88.
57
Calculate the remainder when 1214988 is divided by 5259.
159
Calculate the remainder when 705166 is divided by 170.
6
Calculate the remainder when 659743 is divided by 753.
115
Calculate the remainder when 927792 is divided by 640.
432
What is the remainder when 3317094 is divided by 655?
174
Calculate the remainder when 140957 is divided by 70478.
1
Calculate the remainder when 1970773 is divided by 2029.
614
What is the remainder when 127152995 is divided by 471?
422
Calculate the remainder when 2223564 is divided by 48336.
108
What is the remainder when 8614338 is divided by 62422?
102
Calculate the remainder when 1912512 is divided by 280.
112
Calculate the remainder when 578362 is divided by 18070.
122
Calculate the remainder when 37710 is divided by 378.
288
What is the remainder when 85669 is divided by 904?
693
What is the remainder when 405242 is divided by 57884?
54
What is the remainder when 8359523 is divided by 4298?
4211
Calculate the remainder when 458012 is divided by 1065.
62
What is the remainder when 25404 is divided by 93?
15
What is the remainder when 21062 is divided by 5904?
3350
Calculate the remainder when 142351 is divided by 8356.
299
Calculate the remainder when 4212008 is divided by 650.
8
What is the remainder when 136396 is divided by 19341?
1009
What is the remainder when 394539 is divided by 3459?
213
What is the remainder when 3348376 is divided by 33821?
97
Calculate the remainder when 30506982 is divided by 878.
872
What is the remainder when 14944801 is divided by 196?
193
What is the remainder when 2420697 is divided by 150?
147
What is the remainder when 20496403 is divided by 34?
13
What is the remainder when 6732687 is divided by 6849?
120
What is the remainder when 41838443 is divided by 17?
15
What is the remainder when 110602 is divided by 18331?
616
What is the remainder when 1803316 is divided by 65?
21
What is the remainder when 73228 is divided by 4529?
764
What is the remainder when 25934510 is divided by 29?
13
Calculate the remainder when 2167643 is divided by 433451.
388
What is the remainder when 186989 is divided by 1483?
131
Calculate the remainder when 542506 is divided by 77477.
167
Calculate the remainder when 3860344 is divided by 142.
74
Calculate the remainder when 69387 is divided by 4.
3
What is the remainder when 29774418 is divided by 7443594?
42
Calculate the remainder when 82120 is divided by 3893.
367
What is the remainder when 60623226 is divided by 16?
10
Calculate the remainder when 10922311 is divided by 58.
41
Calculate the remainder when 133764 is divided by 63594.
6576
What is the remainder when 6809449 is divided by 4142?
1
What is the remainder when 679942 is divided by 240?
22
Calculate the remainder when 354798 is divided by 235.
183
What is the remainder when 1791335 is divided by 457?
352
What is the remainder when 1003882 is divided by 52835?
17
What is the remainder when 201333 is divided by 1992?
141
Calculate the remainder when 869442 is divided by 7191.
6522
Calculate the remainder when 8540 is divided by 657.
656
Calculate the remainder when 18307408 is divided by 2313.
13
What is the remainder when 236722 is divided by 193?
104
What is the remainder when 160015 is divided by 79864?
287
What is the remainder when 7486389 is divided by 136?
133
What is the remainder when 942115 is divided by 141?
94
What is the remainder when 619823 is divided by 423?
128
Calculate the remainder when 17660 is divided by 747.
479
Calculate the remainder when 1888773 is divided by 167.
3
Calculate the remainder when 10192 is divided by 4870.
452
Calculate the remainder when 181955959 is divided by 3244.
3243
What is the remainder when 211443 is divided by 1497?
366
Calculate the remainder when 1326319 is divided by 11.
5
Calculate the remainder when 266618 is divided by 88866.
20
Calculate the remainder when 2114820 is divided by 302117.
1
Calculate the remainder when 618729 is divided by 152976.
6825
Calculate the remainder when 29183 is divided by 1457.
43
What is the remainder when 439228 is divided by 62735?
83
What is the remainder when 2092679 is divided by 17886?
17
What is the remainder when 16180376 is divided by 29798?
62
What is the remainder when 43397 is divided by 14201?
794
What is the remainder when 175525 is divided by 297?
295
Calculate the remainder when 471008535 is divided by 184.
183
What is the remainder when 320993 is divided by 102?
101
Calculate the remainder when 173759 is divided by 173579.
180
Calculate the remainder when 18674995 is divided by 175.
45
Calculate the remainder when 76800490 is divided by 23.
17
What is the remainder when 231689955 is divided by 67?
2
What is the remainder when 191766 is divided by 40?
6
What is the remainder when 5950314 is divided by 149?
148
Calculate the remainder when 9250838 is divided by 8.
6
What is the remainder when 864471677 is divided by 3170?
3167
What is the remainder when 3404448 is divided by 425549?
56
What is the remainder when 4781425 is divided by 341527?
47
Calculate the remainder when 27143245 is divided by 5959.
0
What is the remainder when 2132115 is divided by 1765?
1760
What is the remainder when 250942 is divided by 236?
74
Calculate the remainder when 295833 is divided by 187.
186
What is the remainder when 239846 is divided by 394?
294
What is the remainder when 92774652 is divided by 148?
112
Calculate the remainder when 1930585 is divided by 241322.
9
What is the remainder when 97694 is divided by 1699?
851
Calculate the remainder when 33272 is divided by 57.
41
Calculate the remainder when 230768 is divided by 76480.
1328
Calculate the remainder when 360298 is divided by 562.
56
What is the remainder when 260555 is divided by 1888?
11
What is the remainder when 536987 is divided by 667?
52
What is the remainder when 2233807 is divided by 939?
865
Calculate the remainder when 150358544 is divided by 3732.
3728
Calculate the remainder when 7731471 is divided by 16.
15
What is the remainder when 5349358 is divided by 1337319?
82
Calculate the remainder when 248155082 is divided by 3321.
3320
What is the remainder when 29865 is divided by 5332?
3205
Calculate the remainder when 19924133 is divided by 649.
482
What is the remainder when 6929 is divided by 6891?
38
Calculate the remainder when 149115481 is divided by 28.
25
Calculate the remainder when 15468768 is divided by 357.
315
What is the remainder when 18942 is divided by 2513?
1351
Calculate the remainder when 623489 is divided by 11968.
1153
What is the remainder when 81987029 is divided by 438?
437
Calculate the remainder when 5250919 is divided by 1069.
1060
Calculate the remainder when 762351 is divided by 1033.
1030
Calculate the remainder when 2874452 is divided by 395.
37
What is the remainder when 374369 is divided by 11335?
314
Calculate the remainder when 6964444 is divided by 129.
121
Calculate the remainder when 48683 is divided by 23628.
1427
Calculate the remainder when 8159648 is divided by 1019942.
112
Calculate the remainder when 286903 is divided by 2094.
25
Calculate the remainder when 671494 is divided by 335173.
1148
What is the remainder when 197877 is divided by 49423?
185
Calculate the remainder when 36598 is divided by 11314.
2656
What is the remainder when 15454642 is divided by 1035?
22
Calculate the remainder when 276798479 is divided by 70.
69
What is the remainder when 350086 is divided by 174968?
150
Calculate the remainder when 25232439 is divided by 435042.
3
What is the remainder when 27652 is divided by 12632?
2388
Calculate the remainder when 17293 is divided by 168.
157
Calculate the remainder when 6292878 is divided by 16.
14
What is the remainder when 849954 is divided by 2478?
0
What is the remainder when 272289 is divided by 272256?
33
What is the remainder when 234397 is divided by 57274?
5301
What is the remainder when 1177184 is divided by 874?
780
Calculate the remainder when 53833 is divided by 53760.
73
What is the remainder when 1371643 is divided by 5?
3
What is the remainder when 64251 is divided by 4317?
3813
Calculate the remainder when 3212651 is divided by 220.
211
What is the remainder when 1523037 is divided by 60917?
112
Calculate the remainder when 6424191 